{"id":141696,"date":"2024-04-09T14:28:21","date_gmt":"2024-04-09T12:28:21","guid":{"rendered":"https:\/\/cloodmanager.net\/?post_type=product&#038;p=141696"},"modified":"2024-08-21T14:51:34","modified_gmt":"2024-08-21T12:51:34","slug":"serum-duo-30ml-anti-pigment-eucerin-sv","status":"publish","type":"product","link":"https:\/\/prixgro.com\/ar\/product\/serum-duo-30ml-anti-pigment-eucerin-sv\/","title":{"rendered":"S\u00e9rum Duo 30ml Anti-Pigment Eucerin- Sv"},"content":{"rendered":"<div class=\"wrap\">\n<section class=\"descr caracteristics\">\n<div class=\"product-tabs\">\n<h3 class=\"tabs-title\"><strong>Description :<br \/><\/strong><\/h3>\n<div class=\"std new-std\">\n<p>Le <strong>S\u00e9rum Duo ANTI-PIGMENT<\/strong> r\u00e9duit les <strong>taches brunes<\/strong> et <strong>pr\u00e9vient leur r\u00e9apparition<\/strong>. Votre peau est<strong> lumineuse et unifi\u00e9e<\/strong>. Les premiers r\u00e9sultats sont visibles d\u00e8s deux semaines*.<\/p>\n<p>* Evaluation clinique pendant 12 semaines sur 34 volontaires, application conjointe des soins Eucerin\u00ae Anti-Pigment S\u00e9rum Duo et Soin de Jour SPF30 2 fois par jour pendant 12 semaines.<\/p>\n<p><iframe src=\"https:\/\/www.youtube.com\/embed\/Ys3qqEC_4hY\" width=\"560\" height=\"315\" frameborder=\"0\"><\/iframe><\/p>\n<\/div>\n<\/div>\n<div class=\"product-tabs\">\n<h3 class=\"tabs-title\"><strong>Conseils d&#8217;utilisation :<\/strong><\/h3>\n<div class=\"std new-std\">\n<p>Appliquez d\u00e9licatement matin et soir sur l&#8217;ensemble de votre visage nettoy\u00e9, avant votre cr\u00e8me hydratante.<br \/>Pour de meilleurs r\u00e9sultats, utilisez ce s\u00e9rum en association avec Eucerin ANTI-PIGMENT Soin de Jour SPF 30, Eucerin ANTI-PIGMENT Soin de Nuit et Eucerin ANTI-PIGMENT Correcteur de Taches.<br \/>Appliquez chaque produit une fois par jour. Nous vous conseillons de ne pas d\u00e9passer quatre applications de produits contenant du Thiamidol par jour.<\/p>\n<\/div>\n<\/div>\n<div class=\"product-tabs\">\n<h3 class=\"tabs-title\">Composition<\/h3>\n<div class=\"std new-std\">\n<p>Formule INCI :\u00a0Aqua, Alcohol Denat., Butylene Glycol, Glycerin, Octocrylene, Isopropyl Palmitate, Cetearyl Isononanoate, Distarch Phosphate, Methylpropanediol | Isobutylamido Thiazolyl Resorcinol, Sodium Ascorbyl Phosphate, Sodium Hyaluronate, Glycyrrhiza Inflata Root Extract, Tocopherol, Glucosylrutin, Sodium Stearoyl Glutamate, Glyceryl Stearate, Sodium Polyacrylate, Dimethicone, Isoquercitrin, Citric Acid, Sodium Chloride, Trisodium EDTA, Caprylyl Glycol, Phenoxyethanol, Parfum<\/p>\n<hr>\n<p><em>Appliquez des produits contenant du Thiamidol au maximum 4 fois par jour.<br \/>\u00c9vitez le contact avec les yeux.<br \/>Ne pas conserver \u00e0 plus de 25\u00b0C.<\/em><\/p>\n<hr>\n<p class=\"italic\">La composition peut \u00eatre soumise \u00e0 des variations, nous vous conseillons de toujours v\u00e9rifier la liste figurant sur le produit achet\u00e9.<\/p>\n<\/div>\n<\/div>\n<\/section>\n<\/div>","protected":false},"excerpt":{"rendered":"<p><\/p>","protected":false},"featured_media":2068,"comment_status":"open","ping_status":"closed","template":"","meta":[],"product_cat":[17,36],"product_tag":[],"berocket_brand":[],"class_list":{"0":"post-141696","1":"product","2":"type-product","3":"status-publish","4":"has-post-thumbnail","6":"product_cat-soin-et-bien-etre","7":"product_cat-visage-soin-et-bien-etre","9":"first","10":"outofstock","11":"shipping-taxable","12":"purchasable","13":"product-type-simple"},"yoast_head":"<!-- This site is optimized with the Yoast SEO plugin v24.8 - https:\/\/yoast.com\/wordpress\/plugins\/seo\/ -->\n<title>S\u00e9rum Duo 30ml Anti-Pigment Eucerin- Sv - Prixgro<\/title>\n<meta name=\"robots\" content=\"index, follow, max-snippet:-1, max-image-preview:large, max-video-preview:-1\" \/>\n<link rel=\"canonical\" href=\"https:\/\/prixgro.com\/ar\/product\/serum-duo-30ml-anti-pigment-eucerin-sv\/\" \/>\n<meta property=\"og:locale\" content=\"ar_AR\" \/>\n<meta property=\"og:type\" content=\"article\" \/>\n<meta property=\"og:title\" content=\"S\u00e9rum Duo 30ml Anti-Pigment Eucerin- Sv - Prixgro\" \/>\n<meta property=\"og:url\" content=\"https:\/\/prixgro.com\/ar\/product\/serum-duo-30ml-anti-pigment-eucerin-sv\/\" \/>\n<meta property=\"og:site_name\" content=\"Prixgro\" \/>\n<meta property=\"article:publisher\" content=\"https:\/\/www.facebook.com\/Pharmacima\" \/>\n<meta property=\"article:modified_time\" content=\"2024-08-21T12:51:34+00:00\" \/>\n<meta property=\"og:image\" content=\"https:\/\/prixgro.com\/wp-content\/uploads\/2023\/09\/SERUM-DUO-HD-copie-e1623104692487.png\" \/>\n\t<meta property=\"og:image:width\" content=\"400\" \/>\n\t<meta property=\"og:image:height\" content=\"400\" \/>\n\t<meta property=\"og:image:type\" content=\"image\/png\" \/>\n<meta name=\"twitter:card\" content=\"summary_large_image\" \/>\n<meta name=\"twitter:label1\" content=\"\u0648\u0642\u062a \u0627\u0644\u0642\u0631\u0627\u0621\u0629 \u0627\u0644\u0645\u064f\u0642\u062f\u0651\u0631\" \/>\n\t<meta name=\"twitter:data1\" content=\"\u062f\u0642\u064a\u0642\u0629 \u0648\u0627\u062d\u062f\u0629\" \/>\n<script type=\"application\/ld+json\" class=\"yoast-schema-graph\">{\"@context\":\"https:\/\/schema.org\",\"@graph\":[{\"@type\":\"WebPage\",\"@id\":\"https:\/\/prixgro.com\/product\/serum-duo-30ml-anti-pigment-eucerin-sv\/\",\"url\":\"https:\/\/prixgro.com\/product\/serum-duo-30ml-anti-pigment-eucerin-sv\/\",\"name\":\"S\u00e9rum Duo 30ml Anti-Pigment Eucerin- Sv - Prixgro\",\"isPartOf\":{\"@id\":\"https:\/\/prixgro.com\/#website\"},\"primaryImageOfPage\":{\"@id\":\"https:\/\/prixgro.com\/product\/serum-duo-30ml-anti-pigment-eucerin-sv\/#primaryimage\"},\"image\":{\"@id\":\"https:\/\/prixgro.com\/product\/serum-duo-30ml-anti-pigment-eucerin-sv\/#primaryimage\"},\"thumbnailUrl\":\"https:\/\/prixgro.com\/wp-content\/uploads\/2023\/09\/SERUM-DUO-HD-copie-e1623104692487.png\",\"datePublished\":\"2024-04-09T12:28:21+00:00\",\"dateModified\":\"2024-08-21T12:51:34+00:00\",\"breadcrumb\":{\"@id\":\"https:\/\/prixgro.com\/product\/serum-duo-30ml-anti-pigment-eucerin-sv\/#breadcrumb\"},\"inLanguage\":\"ar\",\"potentialAction\":[{\"@type\":\"ReadAction\",\"target\":[\"https:\/\/prixgro.com\/product\/serum-duo-30ml-anti-pigment-eucerin-sv\/\"]}]},{\"@type\":\"ImageObject\",\"inLanguage\":\"ar\",\"@id\":\"https:\/\/prixgro.com\/product\/serum-duo-30ml-anti-pigment-eucerin-sv\/#primaryimage\",\"url\":\"https:\/\/prixgro.com\/wp-content\/uploads\/2023\/09\/SERUM-DUO-HD-copie-e1623104692487.png\",\"contentUrl\":\"https:\/\/prixgro.com\/wp-content\/uploads\/2023\/09\/SERUM-DUO-HD-copie-e1623104692487.png\",\"width\":400,\"height\":400},{\"@type\":\"BreadcrumbList\",\"@id\":\"https:\/\/prixgro.com\/product\/serum-duo-30ml-anti-pigment-eucerin-sv\/#breadcrumb\",\"itemListElement\":[{\"@type\":\"ListItem\",\"position\":1,\"name\":\"Accueil\",\"item\":\"https:\/\/prixgro.com\/\"},{\"@type\":\"ListItem\",\"position\":2,\"name\":\"Boutique en ligne\",\"item\":\"https:\/\/prixgro.com\/shop\/\"},{\"@type\":\"ListItem\",\"position\":3,\"name\":\"S\u00e9rum Duo 30ml Anti-Pigment Eucerin- Sv\"}]},{\"@type\":\"WebSite\",\"@id\":\"https:\/\/prixgro.com\/#website\",\"url\":\"https:\/\/prixgro.com\/\",\"name\":\"Prixgro.com\",\"description\":\"Para Pharmaceutique et Cosm\u00e9tique\",\"publisher\":{\"@id\":\"https:\/\/prixgro.com\/#organization\"},\"potentialAction\":[{\"@type\":\"SearchAction\",\"target\":{\"@type\":\"EntryPoint\",\"urlTemplate\":\"https:\/\/prixgro.com\/?s={search_term_string}\"},\"query-input\":{\"@type\":\"PropertyValueSpecification\",\"valueRequired\":true,\"valueName\":\"search_term_string\"}}],\"inLanguage\":\"ar\"},{\"@type\":\"Organization\",\"@id\":\"https:\/\/prixgro.com\/#organization\",\"name\":\"Prixgro\",\"url\":\"https:\/\/prixgro.com\/\",\"logo\":{\"@type\":\"ImageObject\",\"inLanguage\":\"ar\",\"@id\":\"https:\/\/prixgro.com\/#\/schema\/logo\/image\/\",\"url\":\"https:\/\/prixgro.com\/wp-content\/uploads\/2024\/08\/cropped-Nouveau-projet-2.png\",\"contentUrl\":\"https:\/\/prixgro.com\/wp-content\/uploads\/2024\/08\/cropped-Nouveau-projet-2.png\",\"width\":265,\"height\":62,\"caption\":\"Prixgro\"},\"image\":{\"@id\":\"https:\/\/prixgro.com\/#\/schema\/logo\/image\/\"},\"sameAs\":[\"https:\/\/www.facebook.com\/Pharmacima\"]}]}<\/script>\n<!-- \/ Yoast SEO plugin. -->","yoast_head_json":{"title":"S\u00e9rum Duo 30ml Anti-Pigment Eucerin- Sv - Prixgro","robots":{"index":"index","follow":"follow","max-snippet":"max-snippet:-1","max-image-preview":"max-image-preview:large","max-video-preview":"max-video-preview:-1"},"canonical":"https:\/\/prixgro.com\/ar\/product\/serum-duo-30ml-anti-pigment-eucerin-sv\/","og_locale":"ar_AR","og_type":"article","og_title":"S\u00e9rum Duo 30ml Anti-Pigment Eucerin- Sv - Prixgro","og_url":"https:\/\/prixgro.com\/ar\/product\/serum-duo-30ml-anti-pigment-eucerin-sv\/","og_site_name":"Prixgro","article_publisher":"https:\/\/www.facebook.com\/Pharmacima","article_modified_time":"2024-08-21T12:51:34+00:00","og_image":[{"width":400,"height":400,"url":"https:\/\/prixgro.com\/wp-content\/uploads\/2023\/09\/SERUM-DUO-HD-copie-e1623104692487.png","type":"image\/png"}],"twitter_card":"summary_large_image","twitter_misc":{"\u0648\u0642\u062a \u0627\u0644\u0642\u0631\u0627\u0621\u0629 \u0627\u0644\u0645\u064f\u0642\u062f\u0651\u0631":"\u062f\u0642\u064a\u0642\u0629 \u0648\u0627\u062d\u062f\u0629"},"schema":{"@context":"https:\/\/schema.org","@graph":[{"@type":"WebPage","@id":"https:\/\/prixgro.com\/product\/serum-duo-30ml-anti-pigment-eucerin-sv\/","url":"https:\/\/prixgro.com\/product\/serum-duo-30ml-anti-pigment-eucerin-sv\/","name":"S\u00e9rum Duo 30ml Anti-Pigment Eucerin- Sv - Prixgro","isPartOf":{"@id":"https:\/\/prixgro.com\/#website"},"primaryImageOfPage":{"@id":"https:\/\/prixgro.com\/product\/serum-duo-30ml-anti-pigment-eucerin-sv\/#primaryimage"},"image":{"@id":"https:\/\/prixgro.com\/product\/serum-duo-30ml-anti-pigment-eucerin-sv\/#primaryimage"},"thumbnailUrl":"https:\/\/prixgro.com\/wp-content\/uploads\/2023\/09\/SERUM-DUO-HD-copie-e1623104692487.png","datePublished":"2024-04-09T12:28:21+00:00","dateModified":"2024-08-21T12:51:34+00:00","breadcrumb":{"@id":"https:\/\/prixgro.com\/product\/serum-duo-30ml-anti-pigment-eucerin-sv\/#breadcrumb"},"inLanguage":"ar","potentialAction":[{"@type":"ReadAction","target":["https:\/\/prixgro.com\/product\/serum-duo-30ml-anti-pigment-eucerin-sv\/"]}]},{"@type":"ImageObject","inLanguage":"ar","@id":"https:\/\/prixgro.com\/product\/serum-duo-30ml-anti-pigment-eucerin-sv\/#primaryimage","url":"https:\/\/prixgro.com\/wp-content\/uploads\/2023\/09\/SERUM-DUO-HD-copie-e1623104692487.png","contentUrl":"https:\/\/prixgro.com\/wp-content\/uploads\/2023\/09\/SERUM-DUO-HD-copie-e1623104692487.png","width":400,"height":400},{"@type":"BreadcrumbList","@id":"https:\/\/prixgro.com\/product\/serum-duo-30ml-anti-pigment-eucerin-sv\/#breadcrumb","itemListElement":[{"@type":"ListItem","position":1,"name":"Accueil","item":"https:\/\/prixgro.com\/"},{"@type":"ListItem","position":2,"name":"Boutique en ligne","item":"https:\/\/prixgro.com\/shop\/"},{"@type":"ListItem","position":3,"name":"S\u00e9rum Duo 30ml Anti-Pigment Eucerin- Sv"}]},{"@type":"WebSite","@id":"https:\/\/prixgro.com\/#website","url":"https:\/\/prixgro.com\/","name":"Prixgro.com","description":"Para Pharmaceutique et Cosm\u00e9tique","publisher":{"@id":"https:\/\/prixgro.com\/#organization"},"potentialAction":[{"@type":"SearchAction","target":{"@type":"EntryPoint","urlTemplate":"https:\/\/prixgro.com\/?s={search_term_string}"},"query-input":{"@type":"PropertyValueSpecification","valueRequired":true,"valueName":"search_term_string"}}],"inLanguage":"ar"},{"@type":"Organization","@id":"https:\/\/prixgro.com\/#organization","name":"Prixgro","url":"https:\/\/prixgro.com\/","logo":{"@type":"ImageObject","inLanguage":"ar","@id":"https:\/\/prixgro.com\/#\/schema\/logo\/image\/","url":"https:\/\/prixgro.com\/wp-content\/uploads\/2024\/08\/cropped-Nouveau-projet-2.png","contentUrl":"https:\/\/prixgro.com\/wp-content\/uploads\/2024\/08\/cropped-Nouveau-projet-2.png","width":265,"height":62,"caption":"Prixgro"},"image":{"@id":"https:\/\/prixgro.com\/#\/schema\/logo\/image\/"},"sameAs":["https:\/\/www.facebook.com\/Pharmacima"]}]}},"_links":{"self":[{"href":"https:\/\/prixgro.com\/ar\/wp-json\/wp\/v2\/product\/141696","targetHints":{"allow":["GET"]}}],"collection":[{"href":"https:\/\/prixgro.com\/ar\/wp-json\/wp\/v2\/product"}],"about":[{"href":"https:\/\/prixgro.com\/ar\/wp-json\/wp\/v2\/types\/product"}],"replies":[{"embeddable":true,"href":"https:\/\/prixgro.com\/ar\/wp-json\/wp\/v2\/comments?post=141696"}],"wp:featuredmedia":[{"embeddable":true,"href":"https:\/\/prixgro.com\/ar\/wp-json\/wp\/v2\/media\/2068"}],"wp:attachment":[{"href":"https:\/\/prixgro.com\/ar\/wp-json\/wp\/v2\/media?parent=141696"}],"wp:term":[{"taxonomy":"product_cat","embeddable":true,"href":"https:\/\/prixgro.com\/ar\/wp-json\/wp\/v2\/product_cat?post=141696"},{"taxonomy":"product_tag","embeddable":true,"href":"https:\/\/prixgro.com\/ar\/wp-json\/wp\/v2\/product_tag?post=141696"},{"taxonomy":"berocket_brand","embeddable":true,"href":"https:\/\/prixgro.com\/ar\/wp-json\/wp\/v2\/berocket_brand?post=141696"}],"curies":[{"name":"wp","href":"https:\/\/api.w.org\/{rel}","templated":true}]}}

Sérum Duo 30ml Anti-Pigment Eucerin- Sv

<div class="wrap">
<section class="descr caracteristics">
<div class="product-tabs">
<h3 class="tabs-title"><strong>Description :<br /></strong></h3>
<div class="std new-std">
<p>Le <strong>Sérum Duo ANTI-PIGMENT</strong> réduit les <strong>taches brunes</strong> et <strong>prévient leur réapparition</strong>. Votre peau est<strong> lumineuse et unifiée</strong>. Les premiers résultats sont visibles dès deux semaines*.</p>
<p>* Evaluation clinique pendant 12 semaines sur 34 volontaires, application conjointe des soins Eucerin® Anti-Pigment Sérum Duo et Soin de Jour SPF30 2 fois par jour pendant 12 semaines.</p>
<p><iframe src="https://www.youtube.com/embed/Ys3qqEC_4hY" width="560" height="315" frameborder="0"></iframe></p>
</div>
</div>
<div class="product-tabs">
<h3 class="tabs-title"><strong>Conseils d&#8217;utilisation :</strong></h3>
<div class="std new-std">
<p>Appliquez délicatement matin et soir sur l&#8217;ensemble de votre visage nettoyé, avant votre crème hydratante.<br />Pour de meilleurs résultats, utilisez ce sérum en association avec Eucerin ANTI-PIGMENT Soin de Jour SPF 30, Eucerin ANTI-PIGMENT Soin de Nuit et Eucerin ANTI-PIGMENT Correcteur de Taches.<br />Appliquez chaque produit une fois par jour. Nous vous conseillons de ne pas dépasser quatre applications de produits contenant du Thiamidol par jour.</p>
</div>
</div>
<div class="product-tabs">
<h3 class="tabs-title">Composition</h3>
<div class="std new-std">
<p>Formule INCI : Aqua, Alcohol Denat., Butylene Glycol, Glycerin, Octocrylene, Isopropyl Palmitate, Cetearyl Isononanoate, Distarch Phosphate, Methylpropanediol | Isobutylamido Thiazolyl Resorcinol, Sodium Ascorbyl Phosphate, Sodium Hyaluronate, Glycyrrhiza Inflata Root Extract, Tocopherol, Glucosylrutin, Sodium Stearoyl Glutamate, Glyceryl Stearate, Sodium Polyacrylate, Dimethicone, Isoquercitrin, Citric Acid, Sodium Chloride, Trisodium EDTA, Caprylyl Glycol, Phenoxyethanol, Parfum</p>
<hr>
<p><em>Appliquez des produits contenant du Thiamidol au maximum 4 fois par jour.<br />Évitez le contact avec les yeux.<br />Ne pas conserver à plus de 25°C.</em></p>
<hr>
<p class="italic">La composition peut être soumise à des variations, nous vous conseillons de toujours vérifier la liste figurant sur le produit acheté.</p>
</div>
</div>
</section>
</div>

<!-- This site is optimized with the Yoast SEO plugin v24.8 - https://yoast.com/wordpress/plugins/seo/ -->
<title>Sérum Duo 30ml Anti-Pigment Eucerin- Sv - Prixgro</title>
<meta name="robots" content="index, follow, max-snippet:-1, max-image-preview:large, max-video-preview:-1" />
<link rel="canonical" href="https://prixgro.com/ar/product/serum-duo-30ml-anti-pigment-eucerin-sv/" />
<meta property="og:locale" content="ar_AR" />
<meta property="og:type" content="article" />
<meta property="og:title" content="Sérum Duo 30ml Anti-Pigment Eucerin- Sv - Prixgro" />
<meta property="og:url" content="https://prixgro.com/ar/product/serum-duo-30ml-anti-pigment-eucerin-sv/" />
<meta property="og:site_name" content="Prixgro" />
<meta property="article:publisher" content="https://www.facebook.com/Pharmacima" />
<meta property="article:modified_time" content="2024-08-21T12:51:34+00:00" />
<meta property="og:image" content="https://prixgro.com/wp-content/uploads/2023/09/SERUM-DUO-HD-copie-e1623104692487.png" />
	<meta property="og:image:width" content="400" />
	<meta property="og:image:height" content="400" />
	<meta property="og:image:type" content="image/png" />
<meta name="twitter:card" content="summary_large_image" />
<meta name="twitter:label1" content="وقت القراءة المُقدّر" />
	<meta name="twitter:data1" content="دقيقة واحدة" />
<script type="application/ld+json" class="yoast-schema-graph">{"@context":"https://schema.org","@graph":[{"@type":"WebPage","@id":"https://prixgro.com/product/serum-duo-30ml-anti-pigment-eucerin-sv/","url":"https://prixgro.com/product/serum-duo-30ml-anti-pigment-eucerin-sv/","name":"Sérum Duo 30ml Anti-Pigment Eucerin- Sv - Prixgro","isPartOf":{"@id":"https://prixgro.com/#website"},"primaryImageOfPage":{"@id":"https://prixgro.com/product/serum-duo-30ml-anti-pigment-eucerin-sv/#primaryimage"},"image":{"@id":"https://prixgro.com/product/serum-duo-30ml-anti-pigment-eucerin-sv/#primaryimage"},"thumbnailUrl":"https://prixgro.com/wp-content/uploads/2023/09/SERUM-DUO-HD-copie-e1623104692487.png","datePublished":"2024-04-09T12:28:21+00:00","dateModified":"2024-08-21T12:51:34+00:00","breadcrumb":{"@id":"https://prixgro.com/product/serum-duo-30ml-anti-pigment-eucerin-sv/#breadcrumb"},"inLanguage":"ar","potentialAction":[{"@type":"ReadAction","target":["https://prixgro.com/product/serum-duo-30ml-anti-pigment-eucerin-sv/"]}]},{"@type":"ImageObject","inLanguage":"ar","@id":"https://prixgro.com/product/serum-duo-30ml-anti-pigment-eucerin-sv/#primaryimage","url":"https://prixgro.com/wp-content/uploads/2023/09/SERUM-DUO-HD-copie-e1623104692487.png","contentUrl":"https://prixgro.com/wp-content/uploads/2023/09/SERUM-DUO-HD-copie-e1623104692487.png","width":400,"height":400},{"@type":"BreadcrumbList","@id":"https://prixgro.com/product/serum-duo-30ml-anti-pigment-eucerin-sv/#breadcrumb","itemListElement":[{"@type":"ListItem","position":1,"name":"Accueil","item":"https://prixgro.com/"},{"@type":"ListItem","position":2,"name":"Boutique en ligne","item":"https://prixgro.com/shop/"},{"@type":"ListItem","position":3,"name":"Sérum Duo 30ml Anti-Pigment Eucerin- Sv"}]},{"@type":"WebSite","@id":"https://prixgro.com/#website","url":"https://prixgro.com/","name":"Prixgro.com","description":"Para Pharmaceutique et Cosmétique","publisher":{"@id":"https://prixgro.com/#organization"},"potentialAction":[{"@type":"SearchAction","target":{"@type":"EntryPoint","urlTemplate":"https://prixgro.com/?s={search_term_string}"},"query-input":{"@type":"PropertyValueSpecification","valueRequired":true,"valueName":"search_term_string"}}],"inLanguage":"ar"},{"@type":"Organization","@id":"https://prixgro.com/#organization","name":"Prixgro","url":"https://prixgro.com/","logo":{"@type":"ImageObject","inLanguage":"ar","@id":"https://prixgro.com/#/schema/logo/image/","url":"https://prixgro.com/wp-content/uploads/2024/08/cropped-Nouveau-projet-2.png","contentUrl":"https://prixgro.com/wp-content/uploads/2024/08/cropped-Nouveau-projet-2.png","width":265,"height":62,"caption":"Prixgro"},"image":{"@id":"https://prixgro.com/#/schema/logo/image/"},"sameAs":["https://www.facebook.com/Pharmacima"]}]}</script>
<!-- / Yoast SEO plugin. -->

Sérum Duo 30ml Anti-Pigment Eucerin- Sv - Prixgro

دقيقة واحدة

Para Pharmaceutique et Cosmétique
