{"id":141849,"date":"2024-04-09T14:29:27","date_gmt":"2024-04-09T12:29:27","guid":{"rendered":"https:\/\/cloodmanager.net\/?post_type=product&#038;p=141849"},"modified":"2024-08-21T14:00:15","modified_gmt":"2024-08-21T12:00:15","slug":"mini-tondeuse-nez-oreilles-adler","status":"publish","type":"product","link":"https:\/\/prixgro.com\/ar\/product\/mini-tondeuse-nez-oreilles-adler\/","title":{"rendered":"Mini Tondeuse nez &#038; oreilles Adler"},"content":{"rendered":"<h2><strong>DESCRIPTION<\/strong><\/h2>\n<h5>Tondeuse Adler AD 2911<\/h5>\n<p>Une\u00a0<b>tondeuse\u00a0<\/b>exceptionnellement \u00e9l\u00e9gante avec un design moderne.<\/p>\n<p>Enl\u00e8ve facilement les poils du nez et des oreilles.<\/p>\n<p>Il est totalement s\u00fbr, la lame peut \u00e9galement \u00eatre recouverte d&#8217;un capuchon.<\/p>\n<p>Cet appareil de pr\u00e9cision ne p\u00e8se que 45 g et est aliment\u00e9 par une seule pile AA &#8211; un doigt.<\/p>\n<p>Gr\u00e2ce \u00e0 cela, il est \u00e9galement parfait comme accessoire pour les longs trajets.<\/p>\n<p>La tondeuse AD\u00a0<b>2911\u00a0<\/b>est indolore et\u00a0<b>confortable\u00a0<\/b>pour se d\u00e9barrasser des poils qui poussent dans les oreilles ou le nez.<\/p>\n<p><\/p>\n<h5>Donn\u00e9es techniques<\/h5>\n<ul>\n<li>Tondeuse<\/li>\n<li>tondeuse nez et oreilles<\/li>\n<li>couvre-lame<\/li>\n<\/ul>\n<p><\/p>\n<ul>\n<li>\n<table class=\"table mce-item-table\">\n<tbody>\n<tr>\n<td>Code EAN<\/td>\n<td>5908256833135<\/td>\n<\/tr>\n<tr>\n<td>code NC<\/td>\n<td>85 103 000<\/td>\n<\/tr>\n<tr>\n<td>Poids net<\/td>\n<td>0,05<\/td>\n<\/tr>\n<tr>\n<td>Poids brut<\/td>\n<td>4.2<\/td>\n<\/tr>\n<tr>\n<td>Taille du colis<\/td>\n<td>5,5 x 14,5 x 4,5<\/td>\n<\/tr>\n<tr>\n<td>Dimensions des cartons<\/td>\n<td>27x31x25<\/td>\n<\/tr>\n<\/tbody>\n<\/table>\n<\/li>\n<\/ul>\n<p><\/p>\n<header class=\"-pvs -bb\">\n<h2 class=\"-fs20 -m -phm -pvxs\"><strong>Fiche technique<\/strong><\/h2>\n<\/header>\n<div class=\"row -pas\">\n<article class=\"col8 -pvs\">\n<div class=\"card-b -fh\">\n<div class=\"markup -pam\">\n<h4><strong>Tondeuse Adler AD 2911<\/strong><\/h4>\n<p>Une tondeuse exceptionnellement \u00e9l\u00e9gante avec un design moderne.\u00a0Enl\u00e8ve facilement les poils du nez et des oreilles.\u00a0Il est totalement s\u00fbr, la lame peut \u00e9galement \u00eatre recouverte d&#8217;un capuchon.\u00a0Cet appareil de pr\u00e9cision ne p\u00e8se que 45 g et est aliment\u00e9 par une seule pile AA &#8211; un doigt.\u00a0Gr\u00e2ce \u00e0 cela, il est \u00e9galement parfait comme accessoire pour les longs trajets.\u00a0La tondeuse AD 2911 est indolore et confortable pour se d\u00e9barrasser des poils qui poussent dans les oreilles ou le nez.<\/p>\n<h4><strong>Donn\u00e9es techniques<\/strong><\/h4>\n<ul>\n<li>Tondeuse<\/li>\n<li>tondeuse nez et oreilles<\/li>\n<li>couvre-lame<\/li>\n<li>Code EAN5908256833135code NC85 103 000Poids net0,05Poids brut4.2Taille du colis5,5 x 14,5 x 4,5Dimensions des cartons27x31x25<\/li>\n<\/ul>\n<\/div>\n<\/div>\n<\/article>\n<\/div>","protected":false},"excerpt":{"rendered":"<p><br data-mce-bogus=\"1\"><\/p>","protected":false},"featured_media":2839,"comment_status":"open","ping_status":"closed","template":"","meta":[],"product_cat":[225,126,17],"product_tag":[],"berocket_brand":[],"class_list":{"0":"post-141849","1":"product","2":"type-product","3":"status-publish","4":"has-post-thumbnail","6":"product_cat-appareil-de-soin","7":"product_cat-cheveux","8":"product_cat-soin-et-bien-etre","10":"first","11":"outofstock","12":"shipping-taxable","13":"purchasable","14":"product-type-simple"},"yoast_head":"<!-- This site is optimized with the Yoast SEO plugin v24.8 - https:\/\/yoast.com\/wordpress\/plugins\/seo\/ -->\n<title>Mini Tondeuse nez &amp; oreilles Adler - Prixgro<\/title>\n<meta name=\"robots\" content=\"index, follow, max-snippet:-1, max-image-preview:large, max-video-preview:-1\" \/>\n<link rel=\"canonical\" href=\"https:\/\/prixgro.com\/ar\/product\/mini-tondeuse-nez-oreilles-adler\/\" \/>\n<meta property=\"og:locale\" content=\"ar_AR\" \/>\n<meta property=\"og:type\" content=\"article\" \/>\n<meta property=\"og:title\" content=\"Mini Tondeuse nez &amp; oreilles Adler - Prixgro\" \/>\n<meta property=\"og:url\" content=\"https:\/\/prixgro.com\/ar\/product\/mini-tondeuse-nez-oreilles-adler\/\" \/>\n<meta property=\"og:site_name\" content=\"Prixgro\" \/>\n<meta property=\"article:publisher\" content=\"https:\/\/www.facebook.com\/Pharmacima\" \/>\n<meta property=\"article:modified_time\" content=\"2024-08-21T12:00:15+00:00\" \/>\n<meta property=\"og:image\" content=\"https:\/\/prixgro.com\/wp-content\/uploads\/2023\/09\/adler-tondeuse-cheveux-e1643135391967.jpg\" \/>\n\t<meta property=\"og:image:width\" content=\"450\" \/>\n\t<meta property=\"og:image:height\" content=\"450\" \/>\n\t<meta property=\"og:image:type\" content=\"image\/jpeg\" \/>\n<meta name=\"twitter:card\" content=\"summary_large_image\" \/>\n<meta name=\"twitter:label1\" content=\"\u0648\u0642\u062a \u0627\u0644\u0642\u0631\u0627\u0621\u0629 \u0627\u0644\u0645\u064f\u0642\u062f\u0651\u0631\" \/>\n\t<meta name=\"twitter:data1\" content=\"\u062f\u0642\u064a\u0642\u0629 \u0648\u0627\u062d\u062f\u0629\" \/>\n<script type=\"application\/ld+json\" class=\"yoast-schema-graph\">{\"@context\":\"https:\/\/schema.org\",\"@graph\":[{\"@type\":\"WebPage\",\"@id\":\"https:\/\/prixgro.com\/product\/mini-tondeuse-nez-oreilles-adler\/\",\"url\":\"https:\/\/prixgro.com\/product\/mini-tondeuse-nez-oreilles-adler\/\",\"name\":\"Mini Tondeuse nez & oreilles Adler - Prixgro\",\"isPartOf\":{\"@id\":\"https:\/\/prixgro.com\/#website\"},\"primaryImageOfPage\":{\"@id\":\"https:\/\/prixgro.com\/product\/mini-tondeuse-nez-oreilles-adler\/#primaryimage\"},\"image\":{\"@id\":\"https:\/\/prixgro.com\/product\/mini-tondeuse-nez-oreilles-adler\/#primaryimage\"},\"thumbnailUrl\":\"https:\/\/prixgro.com\/wp-content\/uploads\/2023\/09\/adler-tondeuse-cheveux-e1643135391967.jpg\",\"datePublished\":\"2024-04-09T12:29:27+00:00\",\"dateModified\":\"2024-08-21T12:00:15+00:00\",\"breadcrumb\":{\"@id\":\"https:\/\/prixgro.com\/product\/mini-tondeuse-nez-oreilles-adler\/#breadcrumb\"},\"inLanguage\":\"ar\",\"potentialAction\":[{\"@type\":\"ReadAction\",\"target\":[\"https:\/\/prixgro.com\/product\/mini-tondeuse-nez-oreilles-adler\/\"]}]},{\"@type\":\"ImageObject\",\"inLanguage\":\"ar\",\"@id\":\"https:\/\/prixgro.com\/product\/mini-tondeuse-nez-oreilles-adler\/#primaryimage\",\"url\":\"https:\/\/prixgro.com\/wp-content\/uploads\/2023\/09\/adler-tondeuse-cheveux-e1643135391967.jpg\",\"contentUrl\":\"https:\/\/prixgro.com\/wp-content\/uploads\/2023\/09\/adler-tondeuse-cheveux-e1643135391967.jpg\",\"width\":450,\"height\":450},{\"@type\":\"BreadcrumbList\",\"@id\":\"https:\/\/prixgro.com\/product\/mini-tondeuse-nez-oreilles-adler\/#breadcrumb\",\"itemListElement\":[{\"@type\":\"ListItem\",\"position\":1,\"name\":\"Accueil\",\"item\":\"https:\/\/prixgro.com\/\"},{\"@type\":\"ListItem\",\"position\":2,\"name\":\"Boutique en ligne\",\"item\":\"https:\/\/prixgro.com\/shop\/\"},{\"@type\":\"ListItem\",\"position\":3,\"name\":\"Mini Tondeuse nez &#038; oreilles Adler\"}]},{\"@type\":\"WebSite\",\"@id\":\"https:\/\/prixgro.com\/#website\",\"url\":\"https:\/\/prixgro.com\/\",\"name\":\"Prixgro.com\",\"description\":\"Para Pharmaceutique et Cosm\u00e9tique\",\"publisher\":{\"@id\":\"https:\/\/prixgro.com\/#organization\"},\"potentialAction\":[{\"@type\":\"SearchAction\",\"target\":{\"@type\":\"EntryPoint\",\"urlTemplate\":\"https:\/\/prixgro.com\/?s={search_term_string}\"},\"query-input\":{\"@type\":\"PropertyValueSpecification\",\"valueRequired\":true,\"valueName\":\"search_term_string\"}}],\"inLanguage\":\"ar\"},{\"@type\":\"Organization\",\"@id\":\"https:\/\/prixgro.com\/#organization\",\"name\":\"Prixgro\",\"url\":\"https:\/\/prixgro.com\/\",\"logo\":{\"@type\":\"ImageObject\",\"inLanguage\":\"ar\",\"@id\":\"https:\/\/prixgro.com\/#\/schema\/logo\/image\/\",\"url\":\"https:\/\/prixgro.com\/wp-content\/uploads\/2024\/08\/cropped-Nouveau-projet-2.png\",\"contentUrl\":\"https:\/\/prixgro.com\/wp-content\/uploads\/2024\/08\/cropped-Nouveau-projet-2.png\",\"width\":265,\"height\":62,\"caption\":\"Prixgro\"},\"image\":{\"@id\":\"https:\/\/prixgro.com\/#\/schema\/logo\/image\/\"},\"sameAs\":[\"https:\/\/www.facebook.com\/Pharmacima\"]}]}<\/script>\n<!-- \/ Yoast SEO plugin. -->","yoast_head_json":{"title":"Mini Tondeuse nez & oreilles Adler - Prixgro","robots":{"index":"index","follow":"follow","max-snippet":"max-snippet:-1","max-image-preview":"max-image-preview:large","max-video-preview":"max-video-preview:-1"},"canonical":"https:\/\/prixgro.com\/ar\/product\/mini-tondeuse-nez-oreilles-adler\/","og_locale":"ar_AR","og_type":"article","og_title":"Mini Tondeuse nez & oreilles Adler - Prixgro","og_url":"https:\/\/prixgro.com\/ar\/product\/mini-tondeuse-nez-oreilles-adler\/","og_site_name":"Prixgro","article_publisher":"https:\/\/www.facebook.com\/Pharmacima","article_modified_time":"2024-08-21T12:00:15+00:00","og_image":[{"width":450,"height":450,"url":"https:\/\/prixgro.com\/wp-content\/uploads\/2023\/09\/adler-tondeuse-cheveux-e1643135391967.jpg","type":"image\/jpeg"}],"twitter_card":"summary_large_image","twitter_misc":{"\u0648\u0642\u062a \u0627\u0644\u0642\u0631\u0627\u0621\u0629 \u0627\u0644\u0645\u064f\u0642\u062f\u0651\u0631":"\u062f\u0642\u064a\u0642\u0629 \u0648\u0627\u062d\u062f\u0629"},"schema":{"@context":"https:\/\/schema.org","@graph":[{"@type":"WebPage","@id":"https:\/\/prixgro.com\/product\/mini-tondeuse-nez-oreilles-adler\/","url":"https:\/\/prixgro.com\/product\/mini-tondeuse-nez-oreilles-adler\/","name":"Mini Tondeuse nez & oreilles Adler - Prixgro","isPartOf":{"@id":"https:\/\/prixgro.com\/#website"},"primaryImageOfPage":{"@id":"https:\/\/prixgro.com\/product\/mini-tondeuse-nez-oreilles-adler\/#primaryimage"},"image":{"@id":"https:\/\/prixgro.com\/product\/mini-tondeuse-nez-oreilles-adler\/#primaryimage"},"thumbnailUrl":"https:\/\/prixgro.com\/wp-content\/uploads\/2023\/09\/adler-tondeuse-cheveux-e1643135391967.jpg","datePublished":"2024-04-09T12:29:27+00:00","dateModified":"2024-08-21T12:00:15+00:00","breadcrumb":{"@id":"https:\/\/prixgro.com\/product\/mini-tondeuse-nez-oreilles-adler\/#breadcrumb"},"inLanguage":"ar","potentialAction":[{"@type":"ReadAction","target":["https:\/\/prixgro.com\/product\/mini-tondeuse-nez-oreilles-adler\/"]}]},{"@type":"ImageObject","inLanguage":"ar","@id":"https:\/\/prixgro.com\/product\/mini-tondeuse-nez-oreilles-adler\/#primaryimage","url":"https:\/\/prixgro.com\/wp-content\/uploads\/2023\/09\/adler-tondeuse-cheveux-e1643135391967.jpg","contentUrl":"https:\/\/prixgro.com\/wp-content\/uploads\/2023\/09\/adler-tondeuse-cheveux-e1643135391967.jpg","width":450,"height":450},{"@type":"BreadcrumbList","@id":"https:\/\/prixgro.com\/product\/mini-tondeuse-nez-oreilles-adler\/#breadcrumb","itemListElement":[{"@type":"ListItem","position":1,"name":"Accueil","item":"https:\/\/prixgro.com\/"},{"@type":"ListItem","position":2,"name":"Boutique en ligne","item":"https:\/\/prixgro.com\/shop\/"},{"@type":"ListItem","position":3,"name":"Mini Tondeuse nez &#038; oreilles Adler"}]},{"@type":"WebSite","@id":"https:\/\/prixgro.com\/#website","url":"https:\/\/prixgro.com\/","name":"Prixgro.com","description":"Para Pharmaceutique et Cosm\u00e9tique","publisher":{"@id":"https:\/\/prixgro.com\/#organization"},"potentialAction":[{"@type":"SearchAction","target":{"@type":"EntryPoint","urlTemplate":"https:\/\/prixgro.com\/?s={search_term_string}"},"query-input":{"@type":"PropertyValueSpecification","valueRequired":true,"valueName":"search_term_string"}}],"inLanguage":"ar"},{"@type":"Organization","@id":"https:\/\/prixgro.com\/#organization","name":"Prixgro","url":"https:\/\/prixgro.com\/","logo":{"@type":"ImageObject","inLanguage":"ar","@id":"https:\/\/prixgro.com\/#\/schema\/logo\/image\/","url":"https:\/\/prixgro.com\/wp-content\/uploads\/2024\/08\/cropped-Nouveau-projet-2.png","contentUrl":"https:\/\/prixgro.com\/wp-content\/uploads\/2024\/08\/cropped-Nouveau-projet-2.png","width":265,"height":62,"caption":"Prixgro"},"image":{"@id":"https:\/\/prixgro.com\/#\/schema\/logo\/image\/"},"sameAs":["https:\/\/www.facebook.com\/Pharmacima"]}]}},"_links":{"self":[{"href":"https:\/\/prixgro.com\/ar\/wp-json\/wp\/v2\/product\/141849","targetHints":{"allow":["GET"]}}],"collection":[{"href":"https:\/\/prixgro.com\/ar\/wp-json\/wp\/v2\/product"}],"about":[{"href":"https:\/\/prixgro.com\/ar\/wp-json\/wp\/v2\/types\/product"}],"replies":[{"embeddable":true,"href":"https:\/\/prixgro.com\/ar\/wp-json\/wp\/v2\/comments?post=141849"}],"wp:featuredmedia":[{"embeddable":true,"href":"https:\/\/prixgro.com\/ar\/wp-json\/wp\/v2\/media\/2839"}],"wp:attachment":[{"href":"https:\/\/prixgro.com\/ar\/wp-json\/wp\/v2\/media?parent=141849"}],"wp:term":[{"taxonomy":"product_cat","embeddable":true,"href":"https:\/\/prixgro.com\/ar\/wp-json\/wp\/v2\/product_cat?post=141849"},{"taxonomy":"product_tag","embeddable":true,"href":"https:\/\/prixgro.com\/ar\/wp-json\/wp\/v2\/product_tag?post=141849"},{"taxonomy":"berocket_brand","embeddable":true,"href":"https:\/\/prixgro.com\/ar\/wp-json\/wp\/v2\/berocket_brand?post=141849"}],"curies":[{"name":"wp","href":"https:\/\/api.w.org\/{rel}","templated":true}]}}

<h2><strong>DESCRIPTION</strong></h2>
<h5>Tondeuse Adler AD 2911</h5>
<p>Une <b>tondeuse </b>exceptionnellement élégante avec un design moderne.</p>
<p>Enlève facilement les poils du nez et des oreilles.</p>
<p>Il est totalement sûr, la lame peut également être recouverte d&#8217;un capuchon.</p>
<p>Cet appareil de précision ne pèse que 45 g et est alimenté par une seule pile AA &#8211; un doigt.</p>
<p>Grâce à cela, il est également parfait comme accessoire pour les longs trajets.</p>
<p>La tondeuse AD <b>2911 </b>est indolore et <b>confortable </b>pour se débarrasser des poils qui poussent dans les oreilles ou le nez.</p>
<p></p>
<h5>Données techniques</h5>
<ul>
<li>Tondeuse</li>
<li>tondeuse nez et oreilles</li>
<li>couvre-lame</li>
</ul>
<p></p>
<ul>
<li>
<table class="table mce-item-table">
<tbody>
<tr>
<td>Code EAN</td>
<td>5908256833135</td>
</tr>
<tr>
<td>code NC</td>
<td>85 103 000</td>
</tr>
<tr>
<td>Poids net</td>
<td>0,05</td>
</tr>
<tr>
<td>Poids brut</td>
<td>4.2</td>
</tr>
<tr>
<td>Taille du colis</td>
<td>5,5 x 14,5 x 4,5</td>
</tr>
<tr>
<td>Dimensions des cartons</td>
<td>27x31x25</td>
</tr>
</tbody>
</table>
</li>
</ul>
<p></p>
<header class="-pvs -bb">
<h2 class="-fs20 -m -phm -pvxs"><strong>Fiche technique</strong></h2>
</header>
<div class="row -pas">
<article class="col8 -pvs">
<div class="card-b -fh">
<div class="markup -pam">
<h4><strong>Tondeuse Adler AD 2911</strong></h4>
<p>Une tondeuse exceptionnellement élégante avec un design moderne. Enlève facilement les poils du nez et des oreilles. Il est totalement sûr, la lame peut également être recouverte d&#8217;un capuchon. Cet appareil de précision ne pèse que 45 g et est alimenté par une seule pile AA &#8211; un doigt. Grâce à cela, il est également parfait comme accessoire pour les longs trajets. La tondeuse AD 2911 est indolore et confortable pour se débarrasser des poils qui poussent dans les oreilles ou le nez.</p>
<h4><strong>Données techniques</strong></h4>
<ul>
<li>Tondeuse</li>
<li>tondeuse nez et oreilles</li>
<li>couvre-lame</li>
<li>Code EAN5908256833135code NC85 103 000Poids net0,05Poids brut4.2Taille du colis5,5 x 14,5 x 4,5Dimensions des cartons27x31x25</li>
</ul>
</div>
</div>
</article>
</div>

<!-- This site is optimized with the Yoast SEO plugin v24.8 - https://yoast.com/wordpress/plugins/seo/ -->
<title>Mini Tondeuse nez &amp; oreilles Adler - Prixgro</title>
<meta name="robots" content="index, follow, max-snippet:-1, max-image-preview:large, max-video-preview:-1" />
<link rel="canonical" href="https://prixgro.com/ar/product/mini-tondeuse-nez-oreilles-adler/" />
<meta property="og:locale" content="ar_AR" />
<meta property="og:type" content="article" />
<meta property="og:title" content="Mini Tondeuse nez &amp; oreilles Adler - Prixgro" />
<meta property="og:url" content="https://prixgro.com/ar/product/mini-tondeuse-nez-oreilles-adler/" />
<meta property="og:site_name" content="Prixgro" />
<meta property="article:publisher" content="https://www.facebook.com/Pharmacima" />
<meta property="article:modified_time" content="2024-08-21T12:00:15+00:00" />
<meta property="og:image" content="https://prixgro.com/wp-content/uploads/2023/09/adler-tondeuse-cheveux-e1643135391967.jpg" />
	<meta property="og:image:width" content="450" />
	<meta property="og:image:height" content="450" />
	<meta property="og:image:type" content="image/jpeg" />
<meta name="twitter:card" content="summary_large_image" />
<meta name="twitter:label1" content="وقت القراءة المُقدّر" />
	<meta name="twitter:data1" content="دقيقة واحدة" />
<script type="application/ld+json" class="yoast-schema-graph">{"@context":"https://schema.org","@graph":[{"@type":"WebPage","@id":"https://prixgro.com/product/mini-tondeuse-nez-oreilles-adler/","url":"https://prixgro.com/product/mini-tondeuse-nez-oreilles-adler/","name":"Mini Tondeuse nez & oreilles Adler - Prixgro","isPartOf":{"@id":"https://prixgro.com/#website"},"primaryImageOfPage":{"@id":"https://prixgro.com/product/mini-tondeuse-nez-oreilles-adler/#primaryimage"},"image":{"@id":"https://prixgro.com/product/mini-tondeuse-nez-oreilles-adler/#primaryimage"},"thumbnailUrl":"https://prixgro.com/wp-content/uploads/2023/09/adler-tondeuse-cheveux-e1643135391967.jpg","datePublished":"2024-04-09T12:29:27+00:00","dateModified":"2024-08-21T12:00:15+00:00","breadcrumb":{"@id":"https://prixgro.com/product/mini-tondeuse-nez-oreilles-adler/#breadcrumb"},"inLanguage":"ar","potentialAction":[{"@type":"ReadAction","target":["https://prixgro.com/product/mini-tondeuse-nez-oreilles-adler/"]}]},{"@type":"ImageObject","inLanguage":"ar","@id":"https://prixgro.com/product/mini-tondeuse-nez-oreilles-adler/#primaryimage","url":"https://prixgro.com/wp-content/uploads/2023/09/adler-tondeuse-cheveux-e1643135391967.jpg","contentUrl":"https://prixgro.com/wp-content/uploads/2023/09/adler-tondeuse-cheveux-e1643135391967.jpg","width":450,"height":450},{"@type":"BreadcrumbList","@id":"https://prixgro.com/product/mini-tondeuse-nez-oreilles-adler/#breadcrumb","itemListElement":[{"@type":"ListItem","position":1,"name":"Accueil","item":"https://prixgro.com/"},{"@type":"ListItem","position":2,"name":"Boutique en ligne","item":"https://prixgro.com/shop/"},{"@type":"ListItem","position":3,"name":"Mini Tondeuse nez &#038; oreilles Adler"}]},{"@type":"WebSite","@id":"https://prixgro.com/#website","url":"https://prixgro.com/","name":"Prixgro.com","description":"Para Pharmaceutique et Cosmétique","publisher":{"@id":"https://prixgro.com/#organization"},"potentialAction":[{"@type":"SearchAction","target":{"@type":"EntryPoint","urlTemplate":"https://prixgro.com/?s={search_term_string}"},"query-input":{"@type":"PropertyValueSpecification","valueRequired":true,"valueName":"search_term_string"}}],"inLanguage":"ar"},{"@type":"Organization","@id":"https://prixgro.com/#organization","name":"Prixgro","url":"https://prixgro.com/","logo":{"@type":"ImageObject","inLanguage":"ar","@id":"https://prixgro.com/#/schema/logo/image/","url":"https://prixgro.com/wp-content/uploads/2024/08/cropped-Nouveau-projet-2.png","contentUrl":"https://prixgro.com/wp-content/uploads/2024/08/cropped-Nouveau-projet-2.png","width":265,"height":62,"caption":"Prixgro"},"image":{"@id":"https://prixgro.com/#/schema/logo/image/"},"sameAs":["https://www.facebook.com/Pharmacima"]}]}</script>
<!-- / Yoast SEO plugin. -->

دقيقة واحدة

Para Pharmaceutique et Cosmétique
